+ 0 + n*g + 0*g**3 - 1/24*g**4 + 0*g**5 + 2*g**2. Give b(-1).
-2
Suppose 2*w - 5*w + 5*x = -3, -2*x + 3 = 3*w. Let a(k) = 16*k**3 + k**2 + k - 1. Determine a(w).
17
Let g(u) = 62*u**3 + u**2 - 65*u**3 - 11 + u + 12. Calculate g(-1).
4
Suppose -3*u + 15 = 0, -4*u = 2*h - 2*u - 8. Let j = -5 - h. Let a(c) = -c**3 - 4*c**2 + 3. Calculate a(j).
3
Let n(w) = -6*w - w**3 - 8 + 6*w**2 + 1 - w + 9*w. Let d(v) = v**3 - 2*v**2 - 3. Let i be d(3). What is n(i)?
5
Let j(s) be the second derivative of -s**3/6 - 2*s**2 + 2*s. Let o be (-2)/(4 - (2 - 0)). Let l(d) = -1. Let r(y) = o*j(y) + 5*l(y). What is r(-4)?
-5
Let h be (-3)/12 - (-1)/4. Suppose -2*z + 2 = -h*z. Let c(d) = -8*d. Give c(z).
-8
Let v(u) = -u**2 + 5*u + 6. Suppose 0*n - 46 = -2*n. Suppose -n = -5*g + 7. Let o be v(g). Let q(t) = t**2 + t + 7. What is q(o)?
7
Let p(q) = -7*q**2 - 7*q - 7. Let o(v) be the second derivative of 5*v**4/3 + 10*v**3/3 + 10*v**2 + 2*v. Let y(j) = 6*o(j) + 17*p(j). Give y(-1).
1
Let s(y) = y**2 + 6*y + 6. Suppose 0 = -2*j + 3*g - 1, j - 2*g - 10 = 3*g. Determine s(j).
1
Let h be 1 + 10 - (8 - 5). Let x(t) = -t**2 + 10*t - 11. Determine x(h).
5
Let l(j) be the first derivative of 2*j**2 - j + 2. Let t be l(1). Let q = 4 - t. Let f(p) = 5*p + 1. Calculate f(q).
6
Let b be 3/(-12) + (-1)/(-4). Suppose -v = -b*v. Suppose -s + 2*q = s + 2, -2*q + 10 = v. Let h(k) = k**3 - 3*k**2 - 5*k + 1. What is h(s)?
-3
Let p = 7 + -6. Let u = 0 - p. Let i(x) = x + 1. Calculate i(u).
0
Let q(a) = -a. Let s(d) = 3*d**3 + 3*d**2 + 4*d + 1. Let r(n) = -3*q(n) - s(n). What is r(-2)?
13
Let a(b) = -b**2 + b + 1. Let r(i) = 7*i**2 - 7*i. Suppose 4*q = -n + 8, 4*q + 2*n - 6*n = -12. Let m(h) = q*r(h) + 6*a(h). Let s = 4 - 4. Determine m(s).
6
Let w be 2/3 + 5/15. Suppose w = 5*n - 24. Let f(o) = 5*o - 1 + 2 - n*o - 3*o. Determine f(2).
-5
Let i be 0 + -2*(2 + -5). Suppose 3 = -a + i. Let z(o) = -o**a - 6*o**2 - 6*o - o + o. Give z(-5).
5
Let v(p) = 7*p + 10. Let j(r) = -4*r - 5. Let m(f) = 5*j(f) + 3*v(f). Let u be 0/(-1)*-1 + 1. Let n be u - (-1)/(0 + -1). Give m(n).
5
Let m(j) be the second derivative of 3*j**5/10 + j. Let g be (1/(-2))/((-2)/4). Determine m(g).
6
Let o(z) = -17*z**2 - 15*z - 9. Suppose 10 = 4*i - 34. Let b(m) = -6*m**2 - 5*m - 3. Let x(s) = i*b(s) - 4*o(s). Calculate x(-3).
6
Let m(f) be the third derivative of f**5/60 + f**4/4 - f**3 - 10*f**2. Calculate m(-6).
-6
Let n = -4 - -2. Let k be (-2)/n + (3 - 2). Suppose 2*u - 5 = -k*u + 3*b, 0 = 5*u - 4*b - 6. Let t(s) = s**2 + 2*s - 2. Determine t(u).
6
Suppose -2*u - 18 = -2*w, 5*u - 2*w = -35 + 2. Let r be (-3)/5*1*u. Let g(b) be the first derivative of -b**3/3 + 2*b**2 - 4*b - 46. What is g(r)?
-1
Let n(b) = -b - 4. Let a be 24/14 - 4/(-14). Suppose -a = 4*r + 10. Let y be n(r). Let w(m) = -3*m**3 + 2*m**2 + m. What is w(y)?
4
Let i(j) = -j**2 + 9*j - 5. Let r be i(8). Let q(d) be the first derivative of -1/2*d**2 - 7*d - r. Give q(-5).
-2
Let w(c) be the third derivative of -c**4/24 + c**3/2 + 2*c**2. Determine w(-3).
6
Suppose -3*o + 16 + 2 = 0. Let r(x) = -8*x + o - x**3 + 7*x**2 + x**2 + 0*x**2 - x**2. Determine r(6).
-6
Let j be (4/6 + 0)/((-4)/6). Let z(n) = n + 6. Let c(x) = 2*x + 7. Let b(h) = -3*c(h) + 4*z(h). Let s(q) = -2*q + 4. Let y(m) = 5*b(m) - 4*s(m). Determine y(j).
1
Let n = 25 - 50. Let b be 7/(-5) - 10/n. Let r(x) be the third derivative of -x**5/30 - x**4/12 - x**3/6 - 3*x**2. Calculate r(b).
-1
Let x(k) = 11*k**2 - 8*k + 9. Let h(y) = -4*y + 7*y**2 + 0 + 1 - 2*y**2 + 3. Let g(i) = 13*h(i) - 6*x(i). What is g(-3)?
1
Let j(h) = h**3 - 5*h**2 + h + 3. Suppose -2*w + 4*w + 5*n = 29, 3*n = -3. Suppose -2*k = -4*i - k + 13, -5*i + 2*k = -w. Determine j(i).
-12
Let r(y) = 2*y + 0*y**2 + 4*y**2 + 0*y**2 + 1 + 8*y**2. What is r(-1)?
11
Let d = -6 + 10. Let r(z) = 2*z**2 + 6*z - 8. Let g(i) = i**2 + 6*i - 7. Let a(w) = 3*g(w) - 2*r(w). Calculate a(d).
3
Let z(r) be the second derivative of r**4/12 + 5*r**3/6 - 7*r**2/2 + r. Suppose 0 = 2*n + 11 - 1. Calculate z(n).
-7
Suppose -2*h + 4*k - k - 1 = 0, -3*h = -4*k + 2. Let c(g) = 4*g - 2. What is c(h)?
-10
Let m(w) be the third derivative of -w**5/60 - 5*w**4/24 + w**3/3 + w**2. Let b = 427 + -433. Give m(b).
-4
Let r(f) be the first derivative of f**6/360 - f**5/20 + f**4/8 + 7*f**3/3 - 7. Let c(p) be the third derivative of r(p). Calculate c(5).
-2
Suppose -5*z - 4*c + 41 = 4, 0 = -2*z + 3*c + 1. Let n = 2 + -2. Let v(b) = -2 + b + n*b - 3. What is v(z)?
0
Let g be 1/((-4)/312*-6). Let k(f) = -f**3 + 14*f**2 - 12*f - 17. Give k(g).
-4
Let c be ((-12)/10)/((-6)/30). Let d = c + -7. Let w(y) = 3*y**3 - y**2 - y. Calculate w(d).
-3
Suppose v + 4*v = o - 77, 0 = v + 3*o + 25. Let b = -13 - v. Let t(h) be the first derivative of -3*h**2/2 + 3*h + 1. Calculate t(b).
-6
Let u(f) = f**2 - 11*f - 6. Let l be u(12). Let h(j) = l + 0*j - 3*j + 6*j - 4*j. Give h(4).
2
Suppose 0 = q - 0*q. Suppose -u + 6*u - 15 = q. Let g(z) = z - 5. Give g(u).
-2
Let f(d) = -d**2 - 5*d + 1. Let s = 85 + -147. Let v be s/12 + (-6)/(-36). Give f(v).
1
Suppose 2*t + 3*t - 4 = -3*p, -4 = 2*p. Let a(i) = -2*i**3 - 5*i**t + 9*i + 3*i**3 - 4*i. Let n be 2 + (5 - (3 - 0)). Determine a(n).
4
Let s be 1 - (2 + (1 - 1)). Let w be 2/3*(7 + s). Suppose -u + w*u = 4*i - 28, -4*u - 24 = -2*i. Let z(g) = -g**3 - 5*g**2 - 2*g + 2. Calculate z(u).
-6
Let a(z) = -2*z**2 + 3*z + 1. Suppose 4*g + 6 = 6*g. Give a(g).
-8
Let j(z) be the second derivative of z**5/20 - z**4/3 + z**3/2 - 3*z**2 - 32*z. Let h be 1/(-1)*(1 + -5). Give j(h).
6
Let t(k) = k**3 - 3*k**2 + k. Suppose 10 = -3*w + 8*w + 5*v, 13 = 3*w - 4*v. Let a be 1*(3/w - 1). Suppose a = y + y - 4. What is t(y)?
-2
Let s(z) be the third derivative of z**2 + 0 - 1/24*z**4 - 4/3*z**3 + 0*z. What is s(-5)?
-3
Suppose 5*h = 2*a + 40, 3*h - 3*a + 7 = -8*a. Let p(i) = -i**3 - 2*i**2 + 2*i**3 - 4 - 5*i - 3*i**2. Let j be p(h). Let b(f) = -f**2 + f. What is b(j)?
-2
Let z(q) = -q**2 + 8*q + 1. Suppose -5 - 19 = -4*u. Determine z(u).
13
Let u(t) = t**2 - 4*t + 4. Let j be (-2 - 0 - 3)*-1. Give u(j).
9
Let i(y) = -y**2 - 48*y**3 - 3*y + 49*y**3 - 2*y**2 - 2*y**2 + 7. Let t be 28/6 + (-2)/(-6). Calculate i(t).
-8
Suppose 1 + 1 = 2*p. Let x(b) be the third derivative of -b**6/120 - b**5/60 + b**3/6 + 7*b**2 + 5. Calculate x(p).
-1
Let i(u) = u**3 - 4*u**2 + 3*u. Let j(m) = 2*m**2. Let d be j(-1). Calculate i(d).
-2
Suppose 1 + 1 = 2*n - 3*j, -4*n = -j - 14. Suppose -n*l = -l. Let c(w) = -w. Calculate c(l).
0
Let o be ((-5)/10*2)/((-3)/(-15)). Let h(r) = -r**3 - 6*r**2 - 5*r - 6. Give h(o).
-6
Let a = -61 + 64. Let h(i) = -i + 4. What is h(a)?
1
Let v(q) = 4*q + 1. Let c = 2 - 0. Calculate v(c).
9
Let n = 0 + 6. Let c(u) = 10 - 9 + 0*u + n*u**2 + 2*u. Calculate c(-1).
5
Suppose 5*l - 3 = 7. Let y(s) = -2*s**2 - 2*s + 2. What is y(l)?
-10
Let c be (-6)/(-8)*(-160)/(-8). Suppose 0*f = -5*f - c. Let r be 1 - (2 + (-5 - f)). Let x(j) = j**3 - j**2 + 2*j - 1. Give x(r).
1
Let n(a) = 9*a**2 - a - 4. Let b(z) = -4*z**2 + z + 2. Let o(y) = 7*b(y) + 3*n(y). What is o(5)?
-3
Let x = 23 + -16. Let w = 2 - x. Let l(o) be the first derivative of -o**3/3 - 3*o**2/2 + 6*o - 1. Give l(w).
-4
Let s(r) = r**2 - 7*r + 5. Let o be (-2)/(-6) + (-68)/(-12). Calculate s(o).
-1
Let c be (-56)/(-12) + 4/(-6). Let t(w) = w**2 - 8*w - 5. Let q = -6 - -10. Let r(s) = -s - 1. Let o(v) = q*r(v) - t(v). Determine o(c).
1
Let p(s) = -2*s**2 + 16*s - 7. Let i(b) = -b**2 + 8*b - 4. Let n(q) = 7*i(q) - 3*p(q). Let t = -14 + 20. Suppose t*f = f + 25. What is n(f)?
8
Let w(k) be the third derivative of 1/60*k**5 + 1/6*k**3 + 1/6*k**4 - k**2 + 0*k + 0. Calculate w(-3).
-2
Let l(q) = q + 6. Suppose -8*j = 106 - 34. Give l(j).
-3
Let n be (-6 - -7)*2/2. Suppose -u + n = -1. Let k(g) = -g**u - g**2 - 6 + 3*g**2. What is k(0)?
-6
Suppose 9 = 3*m + 3*g, 4*g - g + 1 = 2*m. Let l(j) = 6 - m*j - 1 + j - 7. Determine l(-6).
4
Let o(d) = -5 - 5*d + 19*d**3 + 18*d**3 - 38*d**3 - 3*d**2 + 10*d**2. Give o(6).
1
Suppose -14 = 2*v - 5*a, -4*v = 2*a - 8 - 12. Suppose v*p - 7*p = 0. Let b(n) = -n - 6. Calculate b(p).
-6
Let v(a) = -5*a**2 + 4*a**2 - 1 + 2. Suppose n + 1 - 6 = 0. Suppose -5 = -0*z + n*z. Calculate v(z).
0
Suppose -2*q = -q. Let g = q - 5. Let f(l) = l**2 + 4*l - 7. Calculate f(g).
-2
Let a(z) be the